20 + 40. Suppose y - 168 = -2*u. List the prime factors of u.
2, 3
Let i = 328 - 190. What are the prime factors of i?
2, 3, 23
Suppose -6*i + 247 = -263. List the prime factors of i.
5, 17
Let u(t) = 59*t + 1. List the prime factors of u(1).
2, 3, 5
Suppose -4*p = 375 - 575. What are the prime factors of p?
2, 5
Suppose 3*w + 11 + 1 = 0. Let d be -54*4/(-8) + w. Suppose 2*n = 23 + d. List the prime factors of n.
23
Let m be (1 + 3)/(1/14*-4). List the prime factors of m/21*270/(-4).
3, 5
Let j be (-27)/9 - (-1 - 3). Let b be j*365 + (-12 - -8). Suppose -4*g - b = -5*x, 0*x + 2*x + 5*g - 118 = 0. What are the prime factors of x?
3, 23
List the prime factors of (-48)/(-60)*-5*(-327 + 1).
2, 163
Let j(l) = 12*l**2 + 13*l - 77. What are the prime factors of j(5)?
2, 3
What are the prime factors of (288 - -3) + 8 + -4?
5, 59
Let a(d) = 96*d**2 + d - 4. What are the prime factors of a(6)?
2, 7, 13, 19
Let f = -12 + 42. Suppose -s - 4*s = -f. Suppose 3*a + s = 78. List the prime factors of a.
2, 3
Let k(n) = 7*n**2 - 6*n - 50. What are the prime factors of k(14)?
2, 619
Let q = 238 + -103. Suppose -3*b - 3*f + 6 = 0, 3*b = f - 1 + 7. Suppose k = -b*k + q. What are the prime factors of k?
3, 5
Let v(w) = 26*w + 1. Let h(k) = 6 + 6*k + 2 - 7*k. Let o be h(7). What are the prime factors of v(o)?
3
Suppose 21*v - 5022 = 396. What are the prime factors of v?
2, 3, 43
Let l(j) = 2*j + 7. Let h(b) = 5*b + b - 7*b. Let n(f) = 4*h(f) + l(f). What are the prime factors of n(-4)?
3, 5
Suppose 27*z - 26*z = 0. Suppose g - 28 = -z*g. Suppose -t + 4*x = -0*t - 31, -t + x = -g. List the prime factors of t.
3
Let z = 20 + -15. Suppose 12 = z*l + y, 0*l - 3*l - 3*y = 0. Let f = -1 + l. List the prime factors of f.
2
Let a(n) = -35*n - 281. List the prime factors of a(-22).
3, 163
Suppose 3399 = 7*p - 2138. What are the prime factors of p?
7, 113
Let b = 2890 - 21. What are the prime factors of b?
19, 151
Suppose i = -5*u - 6 - 31, i = -3*u - 41. Let j = -32 - i. Suppose 0 = -3*r + j + 18. List the prime factors of r.
11
What are the prime factors of (-84355)/(-25) - 7/35?
2, 7, 241
Suppose 5*r - 3*z - 8379 = 0, 0*r + r - 4*z = 1686. List the prime factors of r.
2, 3, 31
Let h(p) = -p**2 - 8*p - 7. Suppose f + 21 = -2*f. Let c be h(f). Suppose l + m - 29 = c, 0 = -l - 2*l - 5*m + 89. What are the prime factors of l?
2, 7
Let s(h) = -33*h + 176. List the prime factors of s(-7).
11, 37
Let y = -171 - -1461. List the prime factors of y.
2, 3, 5, 43
Let z be (0 - (-31)/2)/(3/(-18)). Let s = -14 - z. List the prime factors of s.
79
Let y be (-3 - -17) + -1 - -2. Suppose -18*p = -y*p - 60. List the prime factors of p.
2, 5
What are the prime factors of (2/(-4))/((-2)/3072)?
2, 3
What are the prime factors of (600 - 0) + (-7)/(28/(-16))?
2, 151
Suppose -5*h + 1 = -6*h. What are the prime factors of (92/16)/(h/(-12))?
3, 23
Suppose 0 = -3*l + 3*y, 4*l - 24 = -3*y + y. List the prime factors of ((-16)/20)/(l/(-310)).
2, 31
Let n = 667 - 239. Suppose 5*q - 3*d - 498 = 0, -3*q = -7*q - 5*d + n. What are the prime factors of q?
2, 3, 17
Let g(j) = 4*j + 5 - 4 - 5 + 1. Let z(k) = -5*k + 4. Let q(r) = -3*g(r) - 2*z(r). List the prime factors of q(-4).
3
Let d be 0 - 1/(2/(-182)). What are the prime factors of (-2)/(-4)*(d + (-6)/(-2))?
47
List the prime factors of 1/(1/10*2/59).
5, 59
Let c(m) = 8*m**2 + 4*m - 3. Let i(p) = -p + 12. Let q be i(-11). Let g = q - 21. What are the prime factors of c(g)?
37
Suppose -3*k + 4277 = l, -4899 - 2232 = -5*k + l. What are the prime factors of k?
2, 23, 31
Let s be -33*((-344)/12 - -1) + 4. Suppose -4*a = 4*t - s - 51, 0 = 2*a - 2*t - 472. List the prime factors of a.
239
Suppose -11*k + 4*k = -15330. What are the prime factors of k?
2, 3, 5, 73
Let v = -86 + 128. What are the prime factors of v/(-18)*((-92)/1 + -1)?
7, 31
Suppose 5*x = 3*x + 2. Let d(f) = x - f**2 - 8 + 5*f + 15. What are the prime factors of d(6)?
2
Let w = 158 + -233. Let o be 5/w*-5*15. Suppose -o*x = 2 - 12. List the prime factors of x.
2
Suppose 0 = -8*p + 6*p + 52494. Suppose 10*t - 13*t = p. What are the prime factors of 2/(-11) - t/143?
61
Let k = 1203 - 1111. List the prime factors of k.
2, 23
Let h = 282 - 180. What are the prime factors of h + (6 + 0 - 5)?
103
Let d(o) = o**3 + 3. Let i be d(0). Let r(g) = -4*g - 7 + 5*g + i*g. List the prime factors of r(6).
17
Let n(u) be the third derivative of -13*u**4/24 + 61*u**3/6 + 13*u**2. List the prime factors of n(-10).
191
Let j(p) = p**3 + 7*p**2 - 12*p - 7. Suppose 0 = -3*z - 186 + 162. List the prime factors of j(z).
5
Suppose 0 = -0*o - 3*o + 159. Suppose 133 - 325 = 8*v. Let r = v + o. What are the prime factors of r?
29
Suppose 69 = -3*p + 453. Suppose s = 5*d + 88, 4 = -2*s - 3*d + p. List the prime factors of s.
2, 17
Let f = 9 + -1. Let s be -3*(f/4 + -3). Suppose 93 = s*a - 30. List the prime factors of a.
41
Let w be (-2)/6 + 2/6. Let s = -312 - -315. Suppose w*c = -s*c + 75. What are the prime factors of c?
5
What are the prime factors of 1/(-2) + (-5612)/(-8) + 7?
2, 3, 59
Let w(k) = -k**2 + 5*k + 3. Let j be w(5). Suppose -j + 7 = 2*s. Suppose -2*m + 2*i - 4*i = -56, 0 = m - s*i - 37. What are the prime factors of m?
31
Let b(i) be the third derivative of i**4/8 + 5*i**3/3 + 5*i**2. Let u = 15 + -9. What are the prime factors of b(u)?
2, 7
Let l(r) = -35*r - 2. What are the prime factors of l(-6)?
2, 13
Suppose 0 = 5*g - 432 - 158. What are the prime factors of g?
2, 59
Suppose 0 = l + 3*l + 4*o - 16, 5*o + 36 = 3*l. Suppose -l*z + 1326 + 795 = 0. What are the prime factors of z?
3, 101
Let t(x) = 2*x**2 - 45*x + 26. Let b be t(22). Suppose b*m - 82 = -4*p - m, 77 = 3*p - 4*m. What are the prime factors of p?
23
Let z = 1718 - 989. List the prime factors of z.
3
Let l = 4 - 6. Let o(f) = 10*f - 24. Let r be o(6). List the prime factors of (l/(-4))/(2/r).
3
Let b(s) = 3*s**3 - 5*s + s**3 - 5*s**3 - 3. What are the prime factors of b(-3)?
3, 13
Suppose -3*w + 49 = p, -56 = -2*w - 2*p - 22. List the prime factors of (w/6 - 2)/(10/1605).
107
Let c = 1251 - -5. List the prime factors of c.
2, 157
Let h(b) = 208*b - 764. List the prime factors of h(14).
2, 3, 179
What are the prime factors of 15/2*((-336)/(-5) - -12)?
2, 3, 11
Suppose -5*z - 3*w + 252 = 0, -3*z + 4 + 147 = 2*w. Let q = -22 + z. List the prime factors of q.
29
Suppose 2*v + 5*a + 0 = 3, 3*a = 4*v - 19. Suppose -j + v = -11. Suppose -j = -3*k + 6. What are the prime factors of k?
7
Let j(f) = 2*f**2 - 9*f - 4. Let l be j(5). Suppose l = -2*p + 5. Suppose 2*a = -h + 81, 2*a = -p*a - 4*h + 160. What are the prime factors of a?
41
Let i(b) = -2*b + 24. Let s be i(12). What are the prime factors of (40/(-20))/((-4)/14 + s)?
7
Suppose 26*d - 1260 = 20*d. Let k = -87 + d. List the prime factors of k.
3, 41
Let p = -8 + 11. Suppose g + 5*l = -25, -2*g + 5 = p*g - l. Let r(u) = -u + 18. List the prime factors of r(g).
2, 3
Let x(r) = 2*r**2 + 32*r + 151. List the prime factors of x(-16).
151
Suppose 250 = 4*t - 14. Let d be (-6)/9 + 76/6. What are the prime factors of (t/2)/(18/d)?
2, 11
Let s be 18/(-4)*10/(-15). Let c(o) = -1 - o**2 - s*o - 3*o - 2*o. What are the prime factors of c(-5)?
2, 7
Let y be -11*1*(-6)/3. Suppose -o + 3*b + 4 = 2*b, -o - 5*b = -y. Suppose -11 = -2*v + o. List the prime factors of v.
3
What are the prime factors of 8/(-20)*((-7)/(-1) + -322)?
2, 3, 7
Let p = -23 - -53. Suppose 114 = 8*z - p. List the prime factors of z.
2, 3
Let h(x) = -158*x**3 - x**2 - 2*x - 5. What are the prime factors of h(-2)?
1259
Suppose 0 = -5*w + 30 + 15. Let c(q) = q**3 - 8*q**2 + 19*q - 17. Let h be c(5). Suppose -3*g + 23 = l, -h*l + 20 = -g - w. List the prime factors of l.
11
List the prime factors of ((-8)/(-6))/(90/160785).
2, 3, 397
Suppose 14736 = -505*a + 511*a. List the prime factors of a.
2, 307
Suppose s + 603 - 1596 = 0. What are the prime factors of s?
3, 331
Let y(m) = -9*m**2 + 18*m - 18. Let f be y(1). Suppose -v - 109 = -17. List the prime factors of 6/f - v/12.
7
Let g = -373 + 871. What are the prime factors of g?
2, 3, 83
Let a(k) = -103*k + 194. What are the prime factors of a(-14)?
2, 409
Suppose 2 = -v, 0 = -2*j + 4*v - 0 + 14. What are the prime factors of 4/((-4)/3) + 360/j?
3, 13
Let l(d) = 435*d - 766. What are the 